ppose -146 = -f*t + 298. What are the prime factors of t?
2, 37
List the prime factors of (-77020)/(-16) + (46/56 - 3/(-7)).
3, 5, 107
Let p(z) be the third derivative of -z**5/60 - 5*z**4/6 + 11*z**3/6 - 7*z**2. Suppose -t + 11 = -2*t. List the prime factors of p(t).
2, 5, 11
Let r(c) be the third derivative of 0*c - 11/12*c**4 + 16/3*c**3 + 24*c**2 + 0. What are the prime factors of r(-6)?
2, 41
Suppose 0 = 5*f - 2*x - 298563, 50*x - 55*x - 238881 = -4*f. What are the prime factors of f?
3, 13, 1531
Suppose 2*w + 3 = 3*w - 3*h, 0 = 2*h + 2. Suppose s - 4 = 0, w*l - 2*l = 3*s - 14. Let q = l - -29. List the prime factors of q.
2, 3, 5
Suppose 0 = -9*l + 74 - 29. Suppose 2615 = l*z - 5*d, -4*z + d = -2*d - 2087. List the prime factors of z.
2, 7, 37
Let l(t) = -17204*t**3 + 19*t + 21. List the prime factors of l(-1).
2, 7, 1229
Suppose 3*f - 20668 = -4*c, 4*f = -5*c + 9*f + 25870. List the prime factors of (-56)/84 - c/(-6).
3, 7, 41
Suppose -4*m = 2*d - 14418, -4*d - 2128*m + 2131*m = -28759. List the prime factors of d.
5, 1439
Let h = 32 - 30. Suppose 0 = h*u - 21 - 17. What are the prime factors of 47/(-4)*(-76)/u?
47
Suppose 0 = -5*j - 3*i + i - 4, 0 = -2*j + 5*i - 19. List the prime factors of (585 - 4) + -5 + (j - -2).
2, 3
What are the prime factors of (-2)/1 - -9 - (-4427 + 181)?
4253
Let p(s) = -11*s - 147. Let o(m) = -297*m + 1 + 302*m + 73. Let z(l) = -5*o(l) - 3*p(l). What are the prime factors of z(15)?
191
Suppose -228 + 4 = -16*q. Suppose q*y - 2931 = 6589. What are the prime factors of y?
2, 5, 17
Let d = 11370 - 5348. List the prime factors of d.
2, 3011
Let k(m) = -455*m - 7. Let t be k(-2). Suppose -h + 6*h = -4*o + t, -2*h + 5*o = -381. What are the prime factors of h?
3, 61
Suppose -y - 3*c - 517 = 0, -5*y - 4*c - 2242 = 398. List the prime factors of (-121 + 1)*y/84.
2, 5, 19
Let z(r) = -2*r**3 - 3*r**2 + 18*r + 1. Let k be z(-4). List the prime factors of (2 - -2074)/(168/16 - k).
2, 173
Let d be (-757376)/(-427) - (5/7 - 1). Suppose -17*v = 5*m - 20*v - d, 3*m - 1062 = 3*v. What are the prime factors of m?
2, 89
Suppose 3*r + 20*r - 194616 - 25586 = 0. List the prime factors of r.
2, 4787
Suppose 32*f + 2718 = 41*f. List the prime factors of (-21 - -16) + 2*f.
599
Suppose 3*b + 17 = 2*q, q - 18 = 4*b - 2. Suppose -o + 27 = -3*r, 4*o + 30 = -q*r - 22. Let t(y) = y**2 + 5*y + 26. List the prime factors of t(r).
2, 19
Let o(p) = p**2 - 71*p + 29567. List the prime factors of o(0).
29567
Let z(s) = 7*s**2 - 12*s + 40. Let o be z(20). Suppose 5*i - o = -4*j - j, 5*i + 2640 = 5*j. What are the prime factors of j?
2, 131
Suppose -7 - 11 = -9*r. Suppose -r*b - 115 = -f, 2*b - 3*b = 2*f - 240. List the prime factors of f.
7, 17
Suppose -4*j = -2*c - 30, -5*j + 2*c = c - 45. Suppose x + x + j = 0. What are the prime factors of (-139)/x + (-20)/25?
3
Let d(i) = 12*i**2 - 241*i - 48. What are the prime factors of d(40)?
2, 29, 41
Suppose v + 884 = -658. Let l = -902 - v. List the prime factors of l.
2, 5
Suppose -5*j = 5*v - 35, -5*v = -3*j - 7 + 68. Suppose -j*z - 33*z + 44190 = 0. What are the prime factors of z?
2, 491
Suppose 6*d = -v + d - 41, -v = 3*d + 47. List the prime factors of 11 + (-464)/v + (-4)/14.
19
Suppose 10*s - 9*s + 8*d - 30678 = 0, 5*s - 4*d = 153610. What are the prime factors of s?
2, 15359
Let p = 11728 + -10547. What are the prime factors of p?
1181
Let y(g) = -2*g**2 + 3*g. Let o be y(4). What are the prime factors of (64/o)/((-6)/690)?
2, 23
Let c = -4 - 153. Let l = -3 - c. List the prime factors of l.
2, 7, 11
Let x(h) = 5*h + 12. Let o be x(-3). Let u be 2 - (3 - o)/(-2). Suppose 132 = a - 2*q, -u*q + 0*q + 630 = 5*a. What are the prime factors of a?
2
Suppose -11*o - 49 - 182 = -32*o. Suppose 0 = -2*k + 5 + 1. Suppose 5*y - 40 = 3*z, -k + o = y - 4*z. List the prime factors of y.
2
Let k(c) = c**2 + 4*c - 76. Let l be k(-16). Let h = 257 - l. What are the prime factors of h?
3, 47
Let b(u) = u**2 + 19*u. Let j be b(-26). Let h be -15*((-1 - 0) + 6). Let d = j + h. What are the prime factors of d?
107
Let h(p) = 21*p**2 + 87*p**3 + 2*p + 0*p - 88*p**3 - 39. Let t be h(21). Suppose 2*q - 3*q + 92 = t*i, -4*i = -4. List the prime factors of q.
89
Let z be (3*-1)/(1/(-3) + 0). Let y(n) = -n**2 + 11*n - 18. Let p be y(z). Suppose -5*x - 4*m = -684, p*x = -4*x + 3*m + 541. List the prime factors of x.
2, 17
Let h be (-12 + -15)*(-2 + 1)*39. What are the prime factors of -4 + 8/12*h/2?
347
Let z(q) = 3*q**2 - 24*q + 7. Let h be z(8). Let y(f) = 9*f**2 - 2*f + 1. Let j be y(1). Suppose -j*m = -h*m - 77. What are the prime factors of m?
7, 11
Suppose -i = 2*p + 659 - 2003, 4*i - 3360 = -5*p. What are the prime factors of p?
2, 3, 7
Let n be -2*(-3)/(-2) + 1. Let v be 2*((-1 - n) + 15/(-10)). List the prime factors of (v + 25/15)*174.
2, 29
Suppose -s = -3*q - 8709, 2*s - 17446 = 6*q - 7*q. List the prime factors of s.
3, 17, 19
Suppose 160*b - 163*b = -6. What are the prime factors of b*241 + 10*11/(-22)?
3, 53
Let i = -226 - -320. Suppose 5*b + 2*h + i = 0, 2*b + 0*b + h + 38 = 0. List the prime factors of 470/90 - (-4)/b.
5
Suppose 4*k - 32039 = -5*i, i = 4*k - 14780 - 17241. What are the prime factors of k?
2, 4003
Suppose 26*g + 34480 = 34*g. Suppose -g = q - 11*q. What are the prime factors of q?
431
Let x(r) = r + 5. Let l be x(-7). Let d(m) = 15*m**2 + 2*m. Let j be d(l). Suppose -4*y + j = -3*y. List the prime factors of y.
2, 7
Let g = -67 + -63. Let i = g + 208. What are the prime factors of i?
2, 3, 13
Suppose 185380 = 45*u - 257780. What are the prime factors of u?
2, 1231
Let x(i) = 4*i**3 + i**2 + 3*i - 1. Let w be x(2). Let m = w + -41. Suppose -3*o + 327 = 3*s, -5*o - 4*s + 755 - 211 = m. List the prime factors of o.
2, 3
List the prime factors of (24*(-153524)/(-1120))/(2/10).
3, 5483
Suppose -4*r + 7249 = 1969. Let s = -912 + r. What are the prime factors of s?
2, 3, 17
Suppose -4*n - 113733 = -5*k, 409*n - 406*n - 45484 = -2*k. What are the prime factors of k?
5, 4549
Suppose -h - w + 10012 = 2*w, 5*h = 2*w + 49992. Suppose -12*c + h = 3016. List the prime factors of c.
2, 3, 97
Suppose -w = 162 - 2002. Suppose -5*b = -1520 - w. List the prime factors of b.
2, 3, 7
Suppose 1910*p = -2*q + 1909*p + 111585, -167367 = -3*q - 3*p. List the prime factors of q.
2, 13, 29, 37
Let y(o) = -3*o**2 + o - 259. Let d(t) = 7*t**2 - t + 517. Let i(u) = -2*d(u) - 5*y(u). Let s be i(0). Let l = s + -146. What are the prime factors of l?
5, 23
Let p = 615 - 546. Suppose -p = -y + 1. What are the prime factors of y?
2, 5, 7
Let f(v) = 2*v**2 + 15*v - 2. Let s be f(-8). Let w = s + -18. Let n(m) = m**2 + 4*m - 13. List the prime factors of n(w).
83
Let u = -3819 - -7045. What are the prime factors of u?
2, 1613
Suppose -575999 = -42*a - 67*a + 383201. What are the prime factors of a?
2, 5, 11
Let l(j) be the first derivative of 11*j**3/3 - j**2/2 - 53*j - 142. List the prime factors of l(-8).
659
Suppose -2*y = 2*q - 12, -2*q + 4 + 4 = 0. Suppose -y*t = 4*v - 768, -3*v - 396 = -t + v. What are the prime factors of t?
2, 97
Suppose 6*g - 20 = g. Suppose -g*m = 0, -m = 3*k - 10 - 38. Suppose -k*p = -1246 - 2786. What are the prime factors of p?
2, 3, 7
Let i(y) = -4*y - 19. Suppose 3*p + 7 = 4. Let v(f) = 1. Let d(w) = p*i(w) - 2*v(w). What are the prime factors of d(10)?
3, 19
Let u(v) = -24*v**2 + 2*v - 2. Let a be u(-3). Let n = 138 - a. What are the prime factors of n?
2, 181
Let d be (-4 - 1124)/4*(-3)/6. Let s = d - -347. List the prime factors of s.
2, 61
Let l = -92520 - -60345. List the prime factors of l/54*-1 + (-1)/(-6).
2, 149
Let d = -61705 + 96331. What are the prime factors of d?
2, 3, 29, 199
Let l = 55 - 56. Let u be (l/(-1))/(5 - 7320/1465). Suppose -3*i - 41 = -u. What are the prime factors of i?
2, 3, 7
Suppose 4*q + 18 = -h + 5, -3*h = 5*q + 25. Let g(u) = 39*u**2 + 32*u - 11. List the prime factors of g(h).
2, 3, 67
Let o = 3 + 11. Suppose 11*s - o*s = -6. Suppose -5*j + 219 = -s*j. List the prime factors of j.
73
Suppose 5*c + 835 = 5050. Suppose -5*m = -1092 - c. List the prime factors of m.
3, 43
Suppose 3*t + 146 = 545. Suppose 97 = -2*s - 5*l, l + l - 2 = 0. Let d = t + s. What are the prime factors of d?
2, 41
Let h = 462 - 482. What are the prime factors of (1 - (-2067)/(-15))